s**2 + s**3 + 12*s**2 - 13*s**2. Let v be i(-11). Let m be v + (2 - 0) + 4. What is the greatest common divisor of 20 and m?
4
Let n(b) = 244 + 0*b - b + 2*b**2 - 242. Let p be n(-2). Calculate the greatest common divisor of p and 3.
3
Suppose 76*w - 73*w - 72 = 0. Let n(i) = 24*i. Let q be n(5). Calculate the greatest common divisor of w and q.
24
Let t be (-8)/6*(-6)/4. Let c be (t - 1)/(3/72). Calculate the greatest common factor of 16 and c.
8
Let o = 28 - 24. Suppose x - 3*x = -3*k - 17, 9 = -3*k. Suppose -5*y + 89 = 2*p, -x*p + 9*p = -4*y + 180. What is the greatest common factor of o and p?
4
Let z be ((-4)/6)/((-68)/4182). Calculate the greatest common divisor of z and 1435.
41
Let y be 2/((-24)/(-45))*(-24)/(-1). Let o = 1 + -1. Let v be 10 - o - 0/1. What is the highest common factor of v and y?
10
Suppose -4*b + 280 = b. Let y = b + -52. Calculate the greatest common factor of y and 28.
4
Let n be (-2)/(-1)*(-6)/2. Let z be (32/n)/(2/(-6)). Let v be 84/(-14) - (24 + -34). Calculate the highest common divisor of v and z.
4
Suppose -b - 2*b + 252 = 0. Let v(y) = -3*y - 9. Let o be v(-7). What is the greatest common factor of b and o?
12
Suppose -1216 = 8*z - 4736. Calculate the greatest common divisor of z and 10.
10
Let v = -153 - -155. What is the highest common divisor of v and 14?
2
Let r be 3/(-15) + 213/15. Suppose 2*z - 3*l = 21, -z - 1 = -2*l - r. Suppose -z*u - 149 = -545. Calculate the highest common factor of 22 and u.
22
Let q(m) = 142*m**2 - 69*m**2 - 10 + m - 72*m**2 + m. Let l be q(4). Let o be ((-7)/(-4))/((-2)/(-8)). What is the greatest common divisor of o and l?
7
Suppose -4*t = 4*x - 331 - 473, 5*t = -3*x + 605. Suppose -3*d - p + 600 = p, d - x = -2*p. What is the greatest common factor of 50 and d?
50
Let v(y) = y - 6. Let h(i) = -i + 6. Let b(r) = -3*h(r) - 2*v(r). Let q be b(10). What is the greatest common divisor of q and 10?
2
Let s = 82 + -1. Suppose -3*z = h + 17 - 29, 4*h + 3*z = 39. What is the greatest common divisor of h and s?
9
Let c(u) = 46*u - 6. Suppose -8 + 4 = -4*m. Let k be c(m). Calculate the greatest common divisor of 60 and k.
20
Suppose 4*x = d + 32, 4*d + x - 8 + 51 = 0. Let s(a) = -a + 28. Let y be s(d). Calculate the greatest common factor of y and 5.
5
Suppose -3*w + 77 = 4*r - 23, 0 = -5*w. Calculate the greatest common divisor of r and 50.
25
Let n(g) be the second derivative of g**5/20 - 5*g**4/3 + g**3/3 - 21*g**2/2 + 22*g. Let r be n(20). Calculate the greatest common factor of 209 and r.
19
Let k(n) = 4*n - 4. Let y be k(5). Let a(m) be the second derivative of m**4/12 - 7*m**3/3 + 97*m. Let w be a(y). What is the highest common divisor of w and 4?
4
Let o(u) = u**2 + 19*u + 218. Let g be o(-13). Calculate the highest common divisor of g and 80.
20
Let b = -57 - -80. Suppose 0 = 5*r - 67 - b. Calculate the greatest common factor of r and 9.
9
Let s = -12 + 17. Suppose 0*m = -m - s. Let p be 2/1 + (-1 - m). What is the highest common factor of 15 and p?
3
Suppose -4617 = -5*q + 4*i - 2*i, -5*q + 5*i = -4605. What is the highest common divisor of 74 and q?
37
Let z(b) = -4*b**3 - 15*b**2 - 4. Let u be z(-4). Calculate the highest common divisor of 72 and u.
12
Let s(m) = -6*m - 11. Let c be s(-2). Let w be 140 + 1 + 3*(0 + c). What is the greatest common divisor of 18 and w?
18
Suppose 25*j - 2301 = 5224. What is the highest common divisor of 172 and j?
43
Suppose -25 = -n - 5*h, 2*n + 4*h = 6*n - 124. What is the greatest common factor of 120 and n?
30
Let n be (11 - 1)*(-1924)/(-104). Calculate the highest common divisor of 222 and n.
37
Suppose 18*t - 38*t + 600 = 0. What is the highest common divisor of t and 165?
15
Let n = -671 - -851. Calculate the highest common factor of n and 225.
45
Suppose 0 = 4*b - 3*g - 162, -2*b - 1017*g + 66 = -1016*g. Let x be 2 + -2 + 2 + 178. Calculate the highest common factor of x and b.
36
Let s(r) = 4*r**2 + 21*r + 13. Let u be s(-5). Calculate the highest common divisor of 136 and u.
8
Let z be (0 - -92) + 37/(851/(-184)). Calculate the greatest common divisor of 1554 and z.
42
Let l = -165 - -227. Calculate the greatest common divisor of 93 and l.
31
Let j(o) = -o + 9. Let t be j(7). Let l be -2*(-42)/t*(-33)/(-18). Calculate the highest common divisor of 11 and l.
11
Let w(i) = -2*i - 120. Let t be w(-63). Calculate the greatest common factor of t and 486.
6
Suppose -2 = -2*h + 6. Suppose -2*d - h*r + 50 = -0*d, 4*r = -3*d + 67. Calculate the highest common divisor of 85 and d.
17
Let w = 1069 - 965. Calculate the greatest common factor of w and 13.
13
Suppose -3*h + 2*c = -2, -4*c = -3*h - 1 + 11. Let l = 155 - 143. Let m be 26/((l/(-3))/h). What is the highest common divisor of 104 and m?
13
Let f(l) = -60*l - 483. Let s be f(-19). Calculate the greatest common factor of 9 and s.
9
Suppose 35 = -c - 4*c. Let x be (-42)/c - (-2 + 5). Suppose -x*r - 15 = -4*r. What is the highest common factor of 75 and r?
15
Let a(p) = -8*p + 2 + 45*p**2 + 6*p + p - p. Let w be a(1). Calculate the greatest common factor of w and 5.
5
Let r(n) = -n**2 - 11*n - 12. Let k be r(-10). Let p be (8/(-12))/(k/12). Suppose -4*w = 0, 3*s + p*w = -s + 16. What is the greatest common divisor of s and 2?
2
Let y = -50 + 83. Suppose 5*v - 34 = -44. Let h be y*((-21)/(-9) + v). What is the highest common divisor of 88 and h?
11
Let w(l) be the second derivative of l**3/6 + 23*l**2/2 + 17*l. Let f be w(-8). What is the highest common factor of 165 and f?
15
Let g be -10*(-8)/12*3/2. Let k(d) = d**3 + 12*d**2 - 2*d + 6. Let m be k(-12). Calculate the greatest common divisor of g and m.
10
Suppose -2*i = i - 180. Let x be i/(-9)*12/(-10). What is the highest common divisor of x and 24?
8
Suppose 3*t + t + d - 83 = 0, t - 22 = d. Let a = t + -16. Suppose -3*v + 5*v = -b + 88, -a*b + 3*v + 388 = 0. What is the greatest common factor of 8 and b?
8
Suppose -u = -5*r - 6*u + 20, 2*u + 8 = 0. Suppose 0 = t - 6*b + b - r, 4*t = 4*b + 32. Let j = 7256 - 7248. Calculate the highest common factor of j and t.
8
Let f = 3566 + -3313. Suppose 2*w + 27 = 3*y, y = 2*y + 4*w - 23. What is the greatest common divisor of f and y?
11
Let q(a) = -17*a + 740. Let d be q(40). Let j = 6 - 13. Let w = -1 - j. What is the greatest common divisor of d and w?
6
Let o(g) = g**2 + 31*g - 176. Let z be o(-36). What is the highest common divisor of 292 and z?
4
Let c(z) = z - 5. Let w(m) = -4*m - 6. Let u be w(-3). Let v be c(u). Calculate the highest common factor of v and 8.
1
Suppose -4*t = -9 - 39. Calculate the greatest common factor of 216 and t.
12
Suppose -95059 = -33*o + 12620. What is the greatest common divisor of o and 13?
13
Let g = -1614 - -2906. Calculate the greatest common divisor of 34 and g.
34
Suppose -4*k + 4*s + 44 + 372 = 0, 2*k - 212 = 4*s. Suppose 0 = i - 7*i + k. What is the highest common factor of 187 and i?
17
Let y(x) = -x**3 - 5*x**2 + 2*x + 34. Let h be y(-5). What is the greatest common factor of 56 and h?
8
Let o = -972 + 1349. What is the greatest common divisor of 65 and o?
13
Suppose 2*m - 3*w = 5*m - 39, -2*w - 44 = -5*m. Suppose 0 = g - 6 - m. Suppose 64 = -6*r + 7*r. What is the greatest common factor of g and r?
16
Let h be 196/3*(12 + 105/(-10)). Calculate the highest common factor of 154 and h.
14
Suppose -5*f + 2*a + 1200 = 0, 0*f - 4*f + 5*a + 977 = 0. What is the highest common factor of 14 and f?
14
Let j be -2*(-2)/6 - (-30)/(-45). Let w be (j - -8)/(-2*2/(-10)). Calculate the greatest common factor of 140 and w.
20
Let s(j) = 727*j + 110. Let k be s(3). What is the greatest common divisor of k and 79?
79
Let l = 115 + -59. Suppose -16*u + 312 = -4*u. Let y = l - u. What is the greatest common factor of y and 45?
15
Let q = -32 - -122. What is the greatest common factor of 5 and q?
5
Suppose -12*b + 7*b + 335 = 5*j, 0 = -j - 5*b + 71. Calculate the greatest common divisor of j and 858.
66
Let c be 8/20*(-14 - 1). Let l be (-444)/(-15) - c/15. Suppose 0*k + 3*h + l = 3*k, 15 = 2*k - 3*h. What is the greatest common factor of 30 and k?
15
Let u(b) = -95*b + 1149. Let p be u(11). What is the highest common divisor of p and 2496?
104
Let a(i) be the third derivative of -i**4/12 + 16*i**3/3 - 16*i**2. Let h be a(8). Calculate the greatest common divisor of 